List the prime factors of ((-5)/(-10))/(6/1500).
5
Let t = 4 - 2. Suppose 0 = -t*n - w - 6 + 51, -n = -2*w - 10. Suppose -5*m = -m - n. List the prime factors of m.
5
Suppose 2*c = -3*b + 3, -4*c = -4*b + 17 - 53. Suppose -3*w - 5*p = -c*p - 103, 3*p = -5*w + 195. What are the prime factors of w?
2, 3
Let y be (2*1)/(12/18). Suppose 4*p = -p - 2*v + 25, -4*p + y*v = -20. What are the prime factors of p?
5
Let u = -102 + 151. What are the prime factors of u?
7
Suppose 5*m = 15 - 45. Let h be 88/(-6) + (-2)/(-3). Let s = m - h. List the prime factors of s.
2
Let q(c) = 8*c - 45. List the prime factors of q(20).
5, 23
Let i(q) = q**2 - 14*q + 28. What are the prime factors of i(12)?
2
Let p(i) be the second derivative of -i**5/20 + 7*i**4/12 - i**3/6 + 3*i**2 - i. Let f be p(7). What are the prime factors of 1 - (f + 0)/1?
2
Let f = -30 + 35. What are the prime factors of f?
5
Let h = 5 - 3. Suppose -h*d = -4*d + 56. Suppose a + y + d = 6*a, 3*y - 6 = 0. List the prime factors of a.
2, 3
Let h be 6 - 1/3*0. Suppose h*y = 3*y + 24. List the prime factors of y.
2
What are the prime factors of 1 - -242 - (-6 + (-48)/(-6))?
241
Suppose -13*i + 738 = -4*i. What are the prime factors of i?
2, 41
Suppose -3*i + 71 + 46 = 0. What are the prime factors of i?
3, 13
Suppose -3*i = -c + 296, -3*c - 49 = -2*i - 965. List the prime factors of c.
2, 7, 11
Suppose p - 5*h = 16, 2*h - 184 + 10 = -4*p. List the prime factors of p.
41
Let m = -9 + 12. Suppose -m*v - 4*l = -45, -4*l = l. What are the prime factors of v?
3, 5
Let p(z) be the second derivative of z**4/12 - 7*z**3/6 - 2*z. List the prime factors of p(8).
2
Let y(b) = b**3 + 15*b**2 + 14*b. Let z be y(-14). Suppose 3*p = -4*k + 79, -p = -z*k + 2*k - 29. List the prime factors of p.
3, 7
Let b be (-23)/(-7) - (-6)/(-21). Suppose 40 = -3*l - 2*p + 4*p, -b*l = -3*p + 45. What are the prime factors of 9 - 5/(l/(-4))?
7
Suppose 6 = -4*h + 14. Let t(w) = -3*w**3 + w**2 + 2*w + 1. Let f be t(h). Let y = f + 25. List the prime factors of y.
2, 5
Suppose -5*b + 3*b = -z - 1, -b + 3*z - 7 = 0. Suppose -b - 28 = -3*d. Suppose 2*i - 4 = d. List the prime factors of i.
7
Suppose -3*r = 5*o, 5*o - r = o. Suppose 0 = -5*n + 2*k, 0 = -o*n - 3*n - 2*k + 16. What are the prime factors of n?
2
Suppose 2*k - 18 = -4*i + 34, 2*k - 5*i = 97. Let o be (-1*4)/(2/12). Let x = o + k. What are the prime factors of x?
2, 3
Let y(i) = -2 + 1 + 0*i - 1 + i. Let a be y(4). Suppose -6*m + 3*m - 5 = -a*k, -5*m - 15 = -5*k. What are the prime factors of k?
2
Suppose 0 = -4*r - 4*l, 5*l + 11 - 61 = 5*r. Let k(h) = -h + 19. Let b be k(10). List the prime factors of b/(r/((-20)/6)).
2, 3
Let x(t) = -t - 6. Let g be x(-8). Let v(a) = 1 - a + 5*a + a. List the prime factors of v(g).
11
Suppose 7*g - 2*g = 0. Suppose -3*p - p + 68 = g. Let q = p - 10. What are the prime factors of q?
7
Suppose -2*o + 4*f + f - 42 = 0, 2*f - 21 = o. Let x = o + 35. What are the prime factors of x?
2, 7
Let h = -311 - -209. Let v = 153 + h. List the prime factors of v.
3, 17
Let d(t) be the third derivative of t**6/120 - 3*t**5/20 + t**4/12 - 5*t**3/6 - 4*t**2. What are the prime factors of d(9)?
13
Let h(g) = 2*g**2 - 19*g + 14. What are the prime factors of h(12)?
2, 37
Let s = -2 - -5. Suppose 7*x - s*x = -v + 9, -2*x = -5*v + 89. List the prime factors of v.
17
Let g = -89 + 139. What are the prime factors of g?
2, 5
Suppose -4*x + 84 = 3*g - 7*g, -3*x = -4*g - 82. Let s = 13 + g. Let r(j) = j**3 + 7*j**2 + 3*j - 7. What are the prime factors of r(s)?
11
Let l = -12 - -18. Suppose 0 = -4*r + 26 - l. Suppose -r*d = 36 - 91. List the prime factors of d.
11
Suppose 4*f + 3*x = 223, f + 0*f = -x + 56. List the prime factors of f.
5, 11
Let o(f) = 8*f - 1. What are the prime factors of o(5)?
3, 13
Let k(q) = 4*q + 79. List the prime factors of k(0).
79
Suppose -125 = 5*a - 3*q - 398, 2*q + 163 = 3*a. What are the prime factors of a?
3, 19
Suppose -79*m + 75*m + 392 = 0. What are the prime factors of m?
2, 7
Let d(i) = i**2 + 11*i. Let y be d(-11). Let n be 2 + y - (-3 + 10). What are the prime factors of (-2 - -12)*(-2)/n?
2
Suppose 2*m - 4*m + 68 = 0. List the prime factors of m.
2, 17
List the prime factors of ((-108)/(-126))/((-1)/(-112)).
2, 3
Suppose -7 + 53 = 2*t. Suppose -z + 15 = -b, b = -2*z - 4*b + t. List the prime factors of z.
2, 7
Let a = -47 + 26. Suppose 0 = -2*y - 0*y - 20. Let q = y - a. What are the prime factors of q?
11
Suppose 4*c - 251 = 329. What are the prime factors of c?
5, 29
Suppose 5*j = 28 + 12. List the prime factors of 4/1*26/j.
13
Suppose -3*l = -l - 2. Let g(u) = 9*u - 1. List the prime factors of g(l).
2
Let t be 2/(-1*1/(-4)). Suppose 7 = 5*b - t. List the prime factors of b.
3
Suppose -103 = -4*o + 461. List the prime factors of o.
3, 47
Let f(z) = -z**3 - 3*z**2 - 2*z - 6. Let h be f(-3). Suppose 2*g - 268 = -5*i - h*i, i - 48 = g. What are the prime factors of i?
2, 13
Let b(r) = -r**3 + 19*r**2 - 32*r - 11. What are the prime factors of b(16)?
5, 7
Let k(f) = -f**3 + 5*f**2 - 3*f. Suppose z = -x - 0*x + 7, -5*z + 15 = 0. Let q be k(x). Suppose -23 = q*c - 99. List the prime factors of c.
19
Let n = -124 + 202. What are the prime factors of n?
2, 3, 13
Let y(k) = -6*k. Let c be y(-4). Suppose 3*d = d + c. Suppose -4 = -4*m + d. What are the prime factors of m?
2
Suppose 5*m - 2*o - 65 = 3*o, -5*m + 71 = o. List the prime factors of m.
2, 7
Let m = -75 + 78. List the prime factors of m.
3
Let c be 0 - -15 - (6 + -4). Suppose r + 8 = c. What are the prime factors of r?
5
Suppose 4*w - 6*w = -5*f + 1061, -5*w = -4*f + 842. List the prime factors of f.
3, 71
Suppose l + 18 = -5*q, 0 = q + 2*q + 12. What are the prime factors of -4 - (-9)/(l/2)?
5
Let i(m) = -9*m**3 - 3*m**2 - 2*m + 4. List the prime factors of i(-2).
2, 17
Let q(a) = -a**2 + 30*a - 12. What are the prime factors of q(11)?
197
Suppose 0 = 5*b + 12 + 48. Let n be (-24)/8 - b*4. Suppose 0*r - 5*r = -n. What are the prime factors of r?
3
Suppose 2 = 3*j - 5*o + 11, 2*j - 7 = -o. Suppose -4*p - 14 = -j*u, -u - 2 = -3. Let l = 6 + p. What are the prime factors of l?
3
Let s(z) = 4*z**2 + z + 6. List the prime factors of s(3).
3, 5
List the prime factors of 16/(-6)*(-150)/20.
2, 5
Let t = 112 - 60. Suppose -2*o - t = -20. List the prime factors of (-2 - 1)*o/6.
2
Let c = 22 - 28. Let o(n) be the third derivative of n**6/120 + 7*n**5/60 + n**4/8 + n**3/3 + n**2. What are the prime factors of o(c)?
2, 5
Suppose -4*a + 5*w + 6 = 0, 0 = -3*a + 5*a + 5*w - 18. Suppose -a*u - 3*g - 7 + 24 = 0, 3*g + 8 = u. Let v = 10 - u. What are the prime factors of v?
5
Let v be ((-2)/1)/(1 - -1). Let c be 11 + v/(2/(-4)). Let q = c + -7. What are the prime factors of q?
2, 3
List the prime factors of -1 - (-3 - 367)/5.
73
Let h(i) = i**3 - 7*i**2 + 5*i + 6. Let r be h(6). Suppose r = -d - d. Suppose d*k = -4*q - 2*k + 38, -4*q = 4*k - 32. What are the prime factors of q?
11
What are the prime factors of (57 - 7)*(-6)/(-4)?
3, 5
Let z(g) = -2*g + 11 + 0*g + 3*g. What are the prime factors of z(8)?
19
Let b = 28 - -18. Suppose -2*s + 4*l = -0*s - b, s + 5*l = 51. Let g = -17 + s. What are the prime factors of g?
2, 7
Let x(y) = -23*y + 1. Suppose -5*k + 3*w + 4 = 24, 0 = -3*k - 4*w + 17. Let t be x(k). Suppose t = -2*l + 6*l. List the prime factors of l.
2, 3
Let z(p) be the third derivative of p**6/120 - p**5/10 + p**4/8 - 3*p**3/2 + 4*p**2. Let s be z(6). Let r = 5 + s. List the prime factors of r.
2, 7
Let y(n) = 35*n**3 - n. What are the prime factors of y(1)?
2, 17
Let j(a) = -a**3 + 6*a**2 - a - 12. Let x be j(5). Suppose -38 = -4*g + 22. Let r = g - x. What are the prime factors of r?
7
Let r(f) = 6*f + 6. Let p(a) = a + 1. Let o(v) = -33*p(v) + 6*r(v). Let t be o(6). Suppose 0 = n + 5*g - 1 + 18, -2*n + t = -g. What are the prime factors of n?
2
Let k be (1 - 1) + 0 + 2. Suppose -k*d - 4*x - 12 = 0, 5*d = x + 3*x + 40. Suppose -d*b + 83 - 31 = 0. List the prime factors of b.
13
Suppose 8*z - 13*z = -250. List the prime factors of z.
2, 5
Let l(r) = -r**2 - 2*r + 3. Let u be l(-5). List the prime factors of (6/(-4))/(u/56).
7
Let c(n) = -n**2 - 12*n - 8. Let i be (-95)/10 - (-2)/(-4). What are the prime factors of c(i)?
2, 3
Suppose 8 = 4*m - 2*m, -w = -m - 99. What are the p